ighest common divisor of 187 and l?
11
Suppose i - 36 - 43 = 0. Suppose i = -5*c + 464. Let z = 25 - 14. What is the highest common factor of c and z?
11
Suppose 5*k - 3*d - 54 = d, 4*k = -3*d + 68. Let v(l) = -2*l**2 - 45*l - 44. Let u be v(-20). What is the highest common divisor of k and u?
14
Let s = -1 - -2. Let z = -19740 - -19748. What is the highest common factor of z and s?
1
Let p = -11486 + 11742. Suppose 4*x = -s + 48, 5*s - x - 2*x - 148 = 0. What is the greatest common divisor of p and s?
32
Let l = 919 - 679. Calculate the highest common factor of l and 90.
30
Let z = 158 + -68. What is the highest common divisor of 10 and z?
10
Let p be (2 + -1)/((-1)/(-7)). Let z(x) = 3 + 14 + 6 + x. Let o be z(-16). What is the highest common factor of p and o?
7
Suppose 956 - 991 = -5*d. What is the greatest common factor of 53 and d?
1
Suppose f - 1072 = -2*z, 168*f - 4*z - 5290 = 163*f. Calculate the highest common factor of 18 and f.
18
Suppose -9*r + 18 = -7*r. Let y be ((-27)/(-12))/(r/24). What is the greatest common factor of 54 and y?
6
Suppose 432 = 12*m - 6*m. What is the highest common factor of 60 and m?
12
Let a be 10 - (14/3 + (-10)/15). Suppose -2*l = a*l - 256. What is the greatest common divisor of l and 4?
4
Suppose -3*l = -456 + 102. Let m = l + -41. Calculate the highest common divisor of m and 7.
7
Let w = -152 + 162. Calculate the highest common divisor of w and 20.
10
Let w be 1416/36 + 6/(-18). Calculate the highest common divisor of 39 and w.
39
Suppose -25*h + 6185 = 1785. What is the highest common divisor of 132 and h?
44
Let s be 0 + 0 + (-1742)/(-1). Calculate the highest common divisor of s and 26.
26
Suppose 2*o - 7*o + 305 = 0. Let i = 95 - o. Suppose 19*j + 34 = 21*j. What is the highest common factor of j and i?
17
Let y(g) = -g + 1. Let m(n) = -n**2 + 2*n. Let s(w) = m(w) + 3*y(w). Let r be s(-2). Let z = r - -20. Calculate the highest common factor of 189 and z.
21
Let d(p) = -10*p**2 - 19*p - p**3 - 8*p**3 + 6 + 8*p**3. Let j be d(-8). Calculate the highest common divisor of 20 and j.
10
Suppose -27*v + 63 = -20*v. Calculate the greatest common divisor of 2 and v.
1
Suppose 288 = 10*y + 2*y. Calculate the highest common divisor of y and 372.
12
Let z(q) = 1158*q**3 + q**2 - 15*q + 15. Let a be z(1). Calculate the highest common factor of 122 and a.
61
Let a be (-3 + 0)/((-12)/56). Calculate the greatest common factor of 14 and a.
14
Suppose 5*t = l - 13 - 12, -l - 3*t = -9. Calculate the greatest common factor of l and 1200.
15
Let a be (-3 + (3 - 0))*-1 + 4. Suppose -a*c + h + 162 = -h, -c + h = -41. Calculate the highest common factor of 4 and c.
4
Let b = -95 - -99. Suppose -b*d - d + 4*r + 320 = 0, 3*d + 3*r = 192. Calculate the highest common divisor of d and 4.
4
Suppose 58 = d - 47. Suppose -2*y = -4*j + 62, -j + 6*j - 71 = -4*y. Calculate the greatest common divisor of d and j.
15
Suppose 2*f + 5*t - 19 = 4*t, 0 = 5*f - 5*t - 10. Calculate the greatest common divisor of 427 and f.
7
Suppose -2*l + 493 = 137. Let k = l + -153. What is the highest common divisor of k and 200?
25
Suppose a + a - 26 = 2*c, -5*a + 3*c + 57 = 0. Let t = -3961 - -3962. What is the highest common divisor of t and a?
1
Let b(n) = n**2 + 7*n. Let u be b(-11). Let f = u - 8. What is the highest common factor of f and 36?
36
Suppose 5*b + 39060 - 108185 = 0. Let j be (-1)/7 - b/(-49). Suppose -3*k + j = -0*k - 3*y, -5*y = -4*k + 372. Calculate the highest common divisor of 14 and k.
14
Let s(z) = -7*z + 8. Suppose -6*a + a - 30 = 0. Let h be s(a). Let x be (-3 + -2 - 2) + 21 + 111. Calculate the greatest common factor of x and h.
25
Let p(s) = s**2 - s + 56. Let z be p(0). Suppose -14*j = -98 - z. What is the highest common factor of 33 and j?
11
Let z(j) = -j**2 + 8*j - 2. Let s be z(7). Let i(k) = 39*k**3 + k**2 + k - 1. Let c be i(1). What is the highest common factor of s and c?
5
Let s = -162 - -174. What is the highest common divisor of s and 60?
12
Let q be (-60)/(-140) - 333/(-7). Let j = -568 - -574. What is the highest common factor of j and q?
6
Let g = -7 - -11. Suppose -g*a - 17 = -5*s, s + 22 = a + 5*s. Calculate the highest common factor of a and 10.
2
Suppose 17 = 10*r - 13. Suppose y - 49 = 2*w, w - 133 = -r*y - 0. Calculate the highest common divisor of y and 5.
5
Let u be ((-84)/126)/((-2)/228). What is the greatest common divisor of u and 19?
19
Let l = -9 + 15. Suppose -l*m + 2*m = -56. Let a(h) = -3*h**3 - 3*h**2 + 2. Let s be a(-2). Calculate the greatest common divisor of m and s.
14
Let j be (-20)/(-6)*(-6)/(-4). Suppose -2*u = -j*x + 46, -4*u + 2*u = -4. Let a be x/(-25) + 24/10. What is the highest common divisor of 22 and a?
2
Let b be 38/3 + 0 - (-3)/9. Suppose 55 = 3*z - 257. Calculate the highest common divisor of b and z.
13
Suppose 2*r - 73 = 4*t + 19, 0 = 2*r + 4*t - 68. Let j be 140/21*9/6. What is the highest common factor of j and r?
10
Let z(a) = -a**2 - 7*a + 2. Let m be z(-8). Let c be 6/(-4) - 9/m. Suppose c*s - 18 = -3*s. What is the highest common divisor of 9 and s?
3
Let d = -1784 - -1826. What is the greatest common divisor of d and 12?
6
Suppose -2*p - 113 + 43 = -s, -70 = -s - 2*p. Calculate the greatest common divisor of s and 1190.
70
Suppose -11*f + 14 = -4*f. Suppose -v - 46 = -5*v - f*s, 3*s = -v + 14. Let j = v + -3. What is the highest common divisor of j and 4?
4
Suppose 4*f - 3*h + 3 - 17 = 0, 4*h + 18 = 5*f. Calculate the greatest common divisor of f and 19.
1
Suppose 4*y - 962*c = -959*c + 1028, 0 = 5*c - 20. Calculate the highest common divisor of y and 60.
20
Let a = -8 + 38. Let c = a + -50. Let v = -15 - c. Calculate the highest common factor of 40 and v.
5
Let x be ((-2)/6)/((-1)/(-39)). Let o = x + 19. Calculate the highest common factor of o and 24.
6
Suppose -3*f + 4*n - 40 = 0, 5*f = 3*f - 3*n - 38. Let y = f + 26. Let l = 4 + y. Calculate the highest common factor of l and 14.
14
Suppose -12*t = -3*t - 207. What is the greatest common factor of 437 and t?
23
Suppose -4*l + 44 = -5*k, -5*l - 22 = 3*k - 3. Let j(y) = -2*y**3 - 16*y**2 - 15*y + 10. Let m be j(k). Calculate the highest common divisor of m and 13.
13
Let h(j) = 3*j**3 + 2*j**2 + 9*j - 46. Let f be h(3). Calculate the highest common divisor of 24 and f.
8
Let d(o) be the first derivative of 4*o - 4*o**2 - 1/4*o**4 + 4 + 10/3*o**3. Let c be d(9). What is the greatest common factor of c and 26?
13
Let n = -41 - -65. What is the highest common factor of n and 15?
3
Suppose -5*o = 4*q + 149, 0 = -q + 2*o + 6 - 40. Let u = 1219 - 1288. Let d = q - u. What is the highest common divisor of d and 11?
11
Let x be 18 - (-6 + 8 + 3). Calculate the greatest common factor of x and 351.
13
Let q = 73 - 37. What is the highest common divisor of 180 and q?
36
Suppose -z + 4*d = d - 18, -4*d = z - 18. Suppose z*g = 14*g + 136. What is the greatest common factor of 85 and g?
17
Let x(g) = -g + 10. Let m be x(-9). Let o(q) = 18*q**2 + 30*q + 31. Let i be o(-1). What is the highest common factor of m and i?
19
Let l = -40 + 49. Let k be -4 + 4 + l - 0. What is the highest common divisor of k and 36?
9
Let o be (141/(-94))/(3/(-2)). Calculate the greatest common factor of o and 97.
1
Let l be 5*1/((-20)/(-56)). Let k = 34 - l. Calculate the greatest common factor of 140 and k.
20
Let v(f) = -f**3 - 7*f**2 - 15*f. Let g be v(-4). Calculate the highest common divisor of g and 552.
12
Suppose 8*u = 14 + 10. Suppose 4*z - 2*b = -u*b + 28, 60 = 5*z - 5*b. What is the greatest common divisor of z and 128?
8
Suppose 0*r - 2*r + u - 9 = 0, -2*u = 5*r. Let h(s) = -10*s - 6. Let d be h(r). Calculate the highest common factor of d and 126.
14
Suppose 4*u = -0*f + 3*f + 173, 0 = -3*f - 9. Let v = u + -28. Let l be -2*v/8*-4. Calculate the highest common divisor of l and 143.
13
Suppose -7*b + 468 - 132 = 0. What is the highest common divisor of 80 and b?
16
Suppose 3*o - 12 = -y, -5*o - 2 = -5*y - 42. What is the highest common divisor of o and 40?
5
Suppose 4*n + d - 256 = 0, 3*d = -0*n + n - 64. Suppose -6*j + 3*u = -j - 46, -3*u = -2*j + 22. What is the highest common factor of n and j?
8
Let g(s) = -6*s**3 + 4*s**2 - 3*s + 9. Let o be g(4). Let k = -152 - o. Calculate the highest common divisor of 19 and k.
19
Let t(j) 